8 + 6. Let y = -12 - j. Calculate the remainder when u is divided by y.
4
Suppose 2*c - 5*p + 8 = 119, 0 = -c - p + 73. What is the remainder when c is divided by 21?
5
Let r = -626 - -627. What is the remainder when 797 is divided by (r + (-14)/(-1))*50/15?
47
Suppose 3*n - 322 = 296. Let s = n + -106. Calculate the remainder when s is divided by 37.
26
Suppose 84 + 51 = -5*u. Let v be 5*(-5 - -4) - 23. What is the remainder when u*(1 - v/(-12)) is divided by 20?
16
Suppose -3*b = -4*v - 13 - 2, -2*b + 10 = v. Suppose -483*o + 487*o - 32 = v. What is the remainder when 53 is divided by o?
5
Let z(s) = -54*s + 743. Calculate the remainder when z(5) is divided by 229.
15
Suppose 11*g = 14*g + 222. What is the remainder when 244 is divided by 2*1/2*(-12 - g)?
58
Let u be (-2*((0 - -7) + 2))/(-2). Suppose 4*o - 45 = -u. What is the remainder when o is divided by (-3)/(-9) + 15/9?
1
Let o(i) = -82*i + 1467. What is the remainder when 155 is divided by o(17)?
9
Let w(j) = -2*j**3 + 13*j**2 + 7*j - 63. Let i be w(10). Let b = 767 + i. Let y(h) = 2*h**2 + 6*h - 1. What is the remainder when b is divided by y(-5)?
17
Let i = -42 + 45. Suppose -i*q - 2*a = -58, 5*a + 25 = 5. What is the remainder when 2/3 - (-2695)/21 is divided by q?
19
Suppose -69*i - 56*i = -28758 + 10758. Calculate the remainder when 1143 is divided by i.
135
Suppose 64 = 5*u - m, 8*u - 3*u - 60 = 5*m. Calculate the remainder when 5/15*25*45 is divided by u.
11
Calculate the remainder when 485 is divided by (8 - (-143)/22)*(9 + -2 + -1).
50
What is the remainder when 2792 is divided by (56/6)/((-42)/(-63))*(5 + -1)?
48
Let v(a) = a**2 + 50*a + 67. Let d(m) = 25*m + 32. Let g(n) = -5*d(n) + 2*v(n). Calculate the remainder when g(18) is divided by 16.
12
Let m be 5/(-2)*2 + 9. Suppose -5*k = 3*h - 20, 4*k = -m*h - k + 30. What is the remainder when 227 is divided by h?
7
Let r be 2*(-1)/((-1)/(-4)). Let d(l) = -51*l + 52. Let a be d(r). Suppose -a = -8*j + 3*j. What is the remainder when j is divided by 24?
20
Suppose -192 = -6*h - 54. Suppose 5*b + q - 95 = 0, -b + 2 = -q - h. Suppose -3*n - 22 = -5*n. Calculate the remainder when b is divided by n.
9
Let q(w) = -54*w - 331. Let i(c) = -2*c**2 - 34*c + 16. What is the remainder when q(-7) is divided by i(-17)?
15
Calculate the remainder when ((-168)/(-60) - 3)*-155 is divided by 28.
3
Let n be (-10*(-2)/(-2))/(-2). Let b = 4070 + -4024. What is the remainder when b is divided by (-16 + -4)*(-4)/n?
14
Let m be (-1 + 0)/(18/(-90)). Suppose m*l = -o - o - 362, -4*o - 708 = 2*l. Let y = -115 - o. What is the remainder when y is divided by 16?
13
Let v(x) = 9 - 4*x**2 + x + 6*x**2 - x**3 - 3*x**2. Calculate the remainder when 52 is divided by v(-3).
4
Suppose 0*t - 12 = -5*n - t, -3*n = -4*t + 2. Suppose -2*a + 70 = 3*a - n*q, -5*q = -2*a + 49. Calculate the remainder when 21 is divided by a.
9
Let y be ((-54 + -2)/(-1 + 0))/2. Suppose -3*c + c - 5*j + y = 0, -20 = -4*c - j. Suppose -c*g - 160 = -9*g. What is the remainder when 60 is divided by g?
28
Let u(b) = b**2 + b - 101. Let t be u(-27). Let p = t - 495. Calculate the remainder when p is divided by 13.
2
Let r(t) = -t**2 + 11*t - 8. Let u be r(8). Suppose -5*x = n - 81, 241 + u = 3*n + x. Calculate the remainder when n is divided by -12 + 8 - ((-4)/1 + -22).
20
Let g = 904 - 820. What is the remainder when 334 is divided by g?
82
Suppose -6*a - 36 = -210. Let b = a - 11. What is the remainder when 125 is divided by b?
17
Suppose 4*r - 26 = 2*r. Suppose -23*f + 22*f = -2, -h + f + 7 = 0. What is the remainder when -2*r*1/(-2) is divided by h?
4
Let d(g) = g**3 - 19*g**2 - 49*g + 621. What is the remainder when d(29) is divided by 162?
158
Suppose -x - 18 = 2. Let c = 24 + x. Suppose -d - 3*d - 160 = -c*v, 0 = -4*v - 5*d + 187. What is the remainder when v is divided by 5?
3
Suppose -23*l - 21812 + 8153 = -110*l. Let o(c) = -13*c - 3. What is the remainder when l is divided by o(-2)?
19
Suppose -c + 134 = 4*z - 76, 0 = -4*c + z + 840. Calculate the remainder when 853 is divided by c.
13
Suppose c + c = 5*f - 225, 5*f + 3*c - 250 = 0. Suppose -p - f = -2*p - 2*y, -2*y - 133 = -3*p. Calculate the remainder when p is divided by 20.
5
Suppose 0 = -2*d - 16 + 6. Let r = d - -13. Let y = 51 - 22. Calculate the remainder when y is divided by r.
5
Let h(i) = i**2 - 5*i + 1. Suppose -3*b + 9*b = -18. Let k be h(b). Suppose 2*n - 5 = f + 4, -5*n + k = -3*f. Calculate the remainder when 4 is divided by n.
0
Let i be (-2)/2*(-2 - 3) - -93. Suppose 0 = 2*a + a - 5*y - 171, i = 2*a + 2*y. What is the remainder when 191 is divided by a?
35
Let q = -7466 - -7504. Calculate the remainder when 1404 is divided by q.
36
Let j(m) = 48*m**2 - 335*m + 668. What is the remainder when 581 is divided by j(2)?
11
Let c(a) = -293*a + 5595. Calculate the remainder when 1884 is divided by c(19).
8
Let f(h) = -h**3 - 5*h**2 + 5*h - 6. Let x be f(-6). Suppose -341 = -61*u + 30*u. Let c = u + x. What is the remainder when 54 is divided by c?
10
Let u = -346 + 391. Suppose -u*l + 798 = -44*l. Calculate the remainder when l is divided by 89.
86
Suppose -3*u + 3*l - 18 + 0 = 0, -2*l + 4 = 0. Let r be -3 + -3 + u + 128. Let m = r + -62. Calculate the remainder when m is divided by 12.
8
Suppose -2 = -2*w, -5*p = -p - 2*w + 2. Suppose -o - 4*i - 13 + 9 = p, -i = 3*o - 32. Calculate the remainder when 165 is divided by o.
9
Suppose 5*n + 144 = -4*w, -4*n + 2*w + 1 - 111 = 0. Let z be 8/n + 5033/(-49). Let a = z + 161. What is the remainder when a is divided by 31?
27
Let l = -14136 + 14605. Calculate the remainder when l is divided by 60.
49
Suppose 101*n - 40*n - 5824 = -121*n. Let o = 535 + 70. What is the remainder when o is divided by n?
29
Let s(m) = 2*m**2 - 33*m - 10. Let l be 17/(-4 + 8 - 3). Let d be s(l). Suppose 0 = -11*b + d*b + 48. What is the remainder when 46 is divided by b?
10
Let y = -10480 + 10770. Calculate the remainder when y is divided by 74.
68
Suppose 705*o = 709*o - 3*n - 989, -5*o = 4*n - 1213. What is the remainder when 1699 is divided by o?
229
Suppose 0 = -24*z + 87*z + 126. Suppose -3*i - i + 32 = 0. Calculate the remainder when (-1 - z - -2 - 6) + i is divided by 4.
1
Suppose -354 = -4*p - 2*y + 634, -4*y + 741 = 3*p. What is the remainder when p is divided by 187?
60
Let o(g) = -g + 47. Let z be o(44). What is the remainder when z + (468/4 - -6) is divided by 48?
30
Suppose -12795 = 31*t + 7169. Let y = -498 - t. What is the remainder when y is divided by 44?
14
Suppose -2*f + 3 + 7 = 0, 0 = -3*j + 2*f + 746. Suppose -246*y = -j*y + 894. What is the remainder when y is divided by 37?
1
Let z(i) = -4*i**2 + 122*i + 230. What is the remainder when z(32) is divided by 9?
2
Suppose -3*m = -2*q + 591, -2*q + 4*m = 5*m - 571. Calculate the remainder when 290 is divided by q.
2
Let u = -4643 + 4956. What is the remainder when u is divided by 5?
3
Let g(a) = a**3 - 4*a**2 - 220*a + 47. Calculate the remainder when 914 is divided by g(-13).
30
Suppose 4*y - 1396 = 20*x - 21*x, 5*x = 0. Let v = 430 - y. What is the remainder when 318 is divided by v?
75
Let z = -2484 - -2537. Suppose 0 = h - 2*v - 30, -5*v + 9 = h - 0*v. Calculate the remainder when 2/((-8)/(-35))*h is divided by z.
51
Let m = -7416 - -7457. What is the remainder when 703 is divided by m?
6
Let u(c) = -150*c + 151. What is the remainder when 321 is divided by u(1)?
0
Let b(d) = d**3 + 6*d**2 + d - 12. Let j(v) = 2*v + 16. What is the remainder when b(-5) is divided by j(-6)?
0
Let l(d) = d**3 - 77*d**2 - 35*d + 573. What is the remainder when l(78) is divided by 1309?
0
Let n(q) = -q**3 - 11*q**2 - 22*q - 320. What is the remainder when 233 is divided by n(-12)?
57
What is the remainder when (-3)/((-15)/1) + 1458716/295 is divided by 33?
28
Let n(m) be the second derivative of -m**4/4 - 7*m**3 - 15*m**2/2 + 129*m. Calculate the remainder when 143 is divided by n(-13).
23
Suppose 4*r + 8 = 0, -135*u + 134*u + r + 1052 = 0. What is the remainder when u is divided by 42?
0
Suppose 173 - 56 = -3*p. Let z = p - -57. What is the remainder when 4/(-6) - (-9)/((-162)/(-2892)) is divided by z?
16
Suppose -301 = -7*d + 406. Let f = 146 - d. What is the remainder when f is divided by 25?
20
Let l = -54 - -58. Let n be 1*(37 - 1)/l. Let s(